
What is the hundreds digit of 1169314?
3
What is the units digit of 432789?
9
What is the ten thousands digit of 697890?
9
What is the hundreds digit of 1072089?
0
What is the hundreds digit of 410004?
0
What is the millions digit of 3059357?
3
What is the hundred thousands digit of 13893575?
8
What is the ten millions digit of 30702748?
3
What is the thousands digit of 28439034?
9
What is the tens digit of 5631232?
3
What is the thousands digit of 1877382?
7
What is the millions digit of 1633000?
1
What is the millions digit of 4462455?
4
What is the hundreds digit of 330448?
4
What is the ten thousands digit of 3697945?
9
What is the thousands digit of 337766?
7
What is the hundred thousands digit of 137274?
1
What is the tens digit of 250604?
0
What is the thousands digit of 3939707?
9
What is the units digit of 15215133?
3
What is the hundred thousands digit of 1318879?
3
What is the hundred thousands digit of 704445?
7
What is the hundreds digit of 1110068?
0
What is the hundred thousands digit of 7127801?
1
What is the hundred thousands digit of 1315027?
3
What is the millions digit of 1885411?
1
What is the hundreds digit of 139399?
3
What is the millions digit of 5585606?
5
What is the tens digit of 70662?
6
What is the tens digit of 4701560?
6
What is the millions digit of 12177103?
2
What is the units digit of 7127?
7
What is the tens digit of 9844434?
3
What is the units digit of 532317?
7
What is the units digit of 4221603?
3
What is the millions digit of 14684280?
4
What is the tens digit of 2156604?
0
What is the units digit of 2714073?
3
What is the ten thousands digit of 78051?
7
What is the hundred thousands digit of 15988630?
9
What is the thousands digit of 35229683?
9
What is the ten thousands digit of 91783?
9
What is the units digit of 4094266?
6
What is the hundreds digit of 255120?
1
What is the thousands digit of 2693488?
3
What is the tens digit of 99348?
4
What is the hundred thousands digit of 239640?
2
What is the units digit of 884579?
9
What is the hundreds digit of 573682?
6
What is the thousands digit of 38501?
8
What is the ten thousands digit of 2748267?
4
What is the thousands digit of 659432?
9
What is the ten thousands digit of 2911623?
1
What is the millions digit of 1711028?
1
What is the units digit of 11907723?
3
What is the thousands digit of 458032?
8
What is the units digit of 1957957?
7
What is the millions digit of 3564569?
3
What is the units digit of 1622292?
2
What is the thousands digit of 23381559?
1
What is the ten thousands digit of 805869?
0
What is the units digit of 112444?
4
What is the units digit of 539960?
0
What is the millions digit of 4456676?
4
What is the thousands digit of 227885?
7
What is the tens digit of 19995502?
0
What is the thousands digit of 20893229?
3
What is the tens digit of 1366244?
4
What is the ten thousands digit of 2567363?
6
What is the units digit of 1907983?
3
What is the ten thousands digit of 373564?
7
What is the ten thousands digit of 1403919?
0
What is the hundred thousands digit of 209951?
2
What is the ten millions digit of 13388769?
1
What is the tens digit of 71493?
9
What is the units digit of 9637911?
1
What is the hundreds digit of 10565?
5
What is the hundred thousands digit of 960084?
9
What is the hundreds digit of 238520?
5
What is the tens digit of 27372494?
9
What is the hundreds digit of 4857519?
5
What is the thousands digit of 22568693?
8
What is the thousands digit of 845622?
5
What is the ten thousands digit of 865381?
6
What is the hundred thousands digit of 528893?
5
What is the hundred thousands digit of 4287845?
2
What is the ten thousands digit of 18502837?
0
What is the ten thousands digit of 426725?
2
What is the units digit of 443712?
2
What is the hundred thousands digit of 1996231?
9
What is the thousands digit of 50265?
0
What is the thousands digit of 4239413?
9
What is the units digit of 7734991?
1
What is the tens digit of 16775?
7
What is the hundreds digit of 322022?
0
What is the thousands digit of 4863?
4
What is the hundred thousands digit of 213044?
2
What is the hundreds digit of 715429?
4
What is the ten thousands digit of 9144346?
4
What is the units digit of 471187?
7
What is the hundred thousands digit of 262618?
2
What is the thousands digit of 3419229?
9
What is the units digit of 535?
5
What is the hundreds digit of 1598115?
1
What is the millions digit of 5806156?
5
What is the hundred thousands digit of 390107?
3
What is the units digit of 1875683?
3
What is the millions digit of 1390175?
1
What is the ten millions digit of 15363573?
1
What is the hundred thousands digit of 173728?
1
What is the tens digit of 287024?
2
What is the units digit of 260278?
8
What is the millions digit of 2966340?
2
What is the thousands digit of 100519?
0
What is the thousands digit of 4771738?
1
What is the units digit of 23616400?
0
What is the hundred thousands digit of 1167965?
1
What is the ten thousands digit of 351477?
5
What is the hundreds digit of 9688838?
8
What is the hundreds digit of 9172914?
9
What is the thousands digit of 697841?
7
What is the ten thousands digit of 36010851?
1
What is the hundreds digit of 338291?
2
What is the hundred thousands digit of 816556?
8
What is the hundreds digit of 15874883?
8
What is the hundred thousands digit of 366177?
3
What is the millions digit of 12079238?
2
What is the units digit of 317576?
6
What is the ten thousands digit of 3076411?
7
What is the ten thousands digit of 7104317?
0
What is the millions digit of 1755691?
1
What is the thousands digit of 229870?
9
What is the thousands digit of 148391?
8
What is the ten thousands digit of 305906?
0
What is the hundreds digit of 4516190?
1
What is the tens digit of 30419?
1
What is the units digit of 642228?
8
What is the units digit of 31887300?
0
What is the thousands digit of 952561?
2
What is the units digit of 9454093?
3
What is the tens digit of 820236?
3
What is the units digit of 2422781?
1
What is the millions digit of 1386603?
1
What is the ten thousands digit of 7364589?
6
What is the hundred thousands digit of 591304?
5
What is the tens digit of 10318686?
8
What is the ten millions digit of 19911106?
1
What is the ten millions digit of 11745921?
1
What is the hundreds digit of 5082538?
5
What is the hundred thousands digit of 5669773?
6
What is the hundreds digit of 2753661?
6
What is the tens digit of 8542266?
6
What is the thousands digit of 10075495?
5
What is the ten thousands digit of 1408865?
0
What is the ten thousands digit of 11353203?
5
What is the hundred thousands digit of 953267?
9
What is the hundreds digit of 162384?
3
What is the units digit of 6945244?
4
What is the hundred thousands digit of 210196?
2
What is the tens digit of 13224607?
0
What is the hundred thousands digit of 166850?
1
What is the units digit of 2765226?
6
What is the ten thousands digit of 119350?
1
What is the ten thousands digit of 104206?
0
What is the hundred thousands digit of 429803?
4
What is the thousands digit of 213518?
3
What is the units digit of 1329511?
1
What is the tens digit of 12405668?
6
What is the ten thousands digit of 1718375?
1
What is the hundred thousands digit of 29626421?
6
What is the thousands digit of 3778010?
8
What is the tens digit of 7646930?
3
What is the ten thousands digit of 219349?
1
What is the tens digit of 243010?
1
What is the tens digit of 655008?
0
What is the thousands digit of 5022630?
2
What is the thousands digit of 34137811?
7
What is the hundred thousands digit of 8352499?
3
What is the ten millions digit of 10091920?
1
What is the thousands digit of 915995?
5
What is the ten thousands digit of 855146?
5
What is the hundreds digit of 274788?
7
What is the hundreds digit of 181384?
3
What is the tens digit of 2159225?
2
What is the hundred thousands digit of 2539010?
5
What is the tens digit of 663065?
6
What is the thousands digit of 2932520?
2
What is the ten millions digit of 24856853?
2
What is the units digit of 465134?
4
What is the hundreds digit of 168283?
2
What is the thousands digit of 5694083?
4
What is the hundred thousands digit of 535925?
5
What is the ten thousands digit of 3367840?
6
What is the ten thousands digit of 836986?
3
What is the ten thousa